-105. Suppose 0*u = -7*u - 0*u. Suppose -3*k - 3*r + 39 = u, 5*k - 2*r = 30 + 63. What is the remainder when v is divided by k?
13
Suppose 90 = v - 3*n, -v + 2*n = -2*n - 94. Let j = v + -55. Calculate the remainder when j is divided by 10.
3
Suppose 5*b = 20, -2*v + 39 = b + 19. Calculate the remainder when 53 is divided by v.
5
Let n = -244 - -246. What is the remainder when 15 is divided by n?
1
Let z = 47 + -26. Let k = -15 + z. Let d(x) = -x**3 + 6*x**2 + 4. What is the remainder when 11 is divided by d(k)?
3
Let s(l) = -7*l + 4. Let j(q) = q - 1. Let t(u) = 6*j(u) + s(u). Calculate the remainder when (3/6 - (-3)/(-6)) + 2 is divided by t(-4).
0
Let j(l) = -4 + 0 - l**3 + 7*l + 3 + 2. Calculate the remainder when 11 is divided by j(-3).
4
Let b be ((-2)/(-2))/(-2 + 3). Calculate the remainder when 63 is divided by ((-16)/16)/(b/(-22)).
19
Let s = -50 + 22. Let z = s - -33. What is the remainder when z is divided by 3?
2
Suppose z + g - 121 = 500, 4*g + 3069 = 5*z. Calculate the remainder when z is divided by 18.
5
Let u(s) be the third derivative of -s**4/3 + 17*s**3/6 + 14*s**2. Calculate the remainder when u(-5) is divided by 15.
12
Suppose -4*g - 157 = -5*w - 8*g, -4*g = -12. Suppose -3 - 6 = -p + 3*h, -3*p + 5*h = -23. What is the remainder when w is divided by p?
5
Let v(u) = -5*u - 11. Suppose -108 = -2*p - 0*p. What is the remainder when p is divided by v(-6)?
16
Let s be (-7840)/(-45) - 4/18. What is the remainder when s/(10/5) + -1 is divided by 22?
20
Let w(z) = -2*z**2 + z + 12. Let d be w(4). Let a(m) = -2*m - 25. Calculate the remainder when a(d) is divided by 3.
1
Let j = 663 - 604. What is the remainder when j is divided by (8*2)/((-6)/(-12))?
27
Let f(q) = 18*q + 207. Calculate the remainder when 371 is divided by f(-10).
20
Suppose -3*p - h = 21 + 12, -4*p = 2*h + 42. Suppose -8*z + 92 = -4*z. Let n = z + p. What is the remainder when 19 is divided by n?
8
Let s(y) = -y**2 + 14*y - 15. Let j be ((-22)/(-3))/(2/3). Let k be s(j). Suppose 15*q = k*q - 345. What is the remainder when q is divided by 29?
28
Let s be (-1)/((-2)/(-36)) + (-7 - -7). Calculate the remainder when 53 is divided by (s + -1)/(9/(-9)).
15
Let s(g) = -g**3 + 16*g**2 + 5*g + 24. What is the remainder when s(16) is divided by 18?
14
Suppose 0 = -7*q + 52 + 102. Calculate the remainder when q is divided by 5.
2
Calculate the remainder when (-4)/((2/(-4))/(445/10)) is divided by 20.
16
Let b(g) = g**2 - 13. Let o be b(4). Let s(z) = -z + 9. Calculate the remainder when s(o) is divided by 6.
0
Suppose -5*p = 5 - 35. Let r = -87 + 87. Suppose r = 3*n + 4*v - 183, 0 = -2*n - p*v + 3*v + 122. Calculate the remainder when n is divided by 31.
30
Suppose -46*i - 43 = 3. Suppose -19 = 2*y - 55. What is the remainder when (27/y)/(i/(-14)) is divided by 12?
9
Let t be (1/((-3)/9))/(-1). Let c(y) = -1 - 6*y + 9*y + t*y. Calculate the remainder when 7 is divided by c(1).
2
Let l be 20*((-16)/10 + 2). Suppose -2*a + 4*v - l = 0, -5*v + 26 - 6 = 0. Suppose 50 - 10 = a*j. What is the remainder when 27 is divided by j?
7
Let s = -6 - -13. Let y(d) = d**3 + 4*d**2 - 1. Let x be y(-3). What is the remainder when (28 - -1) + 4/(x/(-6)) is divided by s?
5
Suppose 5*n = -2*f - 74, -39 = -0*n + 3*n + 3*f. Let m = n + 23. Let z = m - -15. What is the remainder when z is divided by 8?
6
Let d be (1/3)/(2/(-726)). Let p = d + 181. What is the remainder when p is divided by 21?
18
Let u(p) = -3*p**3 - 4*p**2 + 10*p - 19. Calculate the remainder when u(-5) is divided by 18.
8
Let y(w) = -w**2 - 26*w - 129. Suppose -2*i + 4 = -26. Calculate the remainder when y(-12) is divided by i.
9
Let b be 12/5*(-45)/(-6). Let d = b + -8. Let s(q) = -q**3 + 7*q**2 - 7. What is the remainder when s(3) is divided by d?
9
Suppose p + 4*f = 41, -4*f - 75 = 2*p - 5*p. Let u be -16 + -1 + (0 - -1). Let c = p + u. Calculate the remainder when 49 is divided by c.
10
Suppose h + f - 123 = -h, 3*h - 189 = 3*f. Let v = h + -23. Calculate the remainder when v is divided by 10.
9
Suppose -w + 4*f + 45 = 0, 5*w - 63 - 77 = 3*f. Let b be ((-160)/25)/(1/w). Calculate the remainder when b/12*(-3)/1 is divided by 14.
12
Let f(i) = i**2 + 24*i - 40. What is the remainder when f(-26) is divided by 11?
1
Let z(m) = -m + 6. Suppose -3*u + 9 = 2*u - i, 0 = u + 5*i + 19. What is the remainder when 9 is divided by z(u)?
4
Let a = -194 + 296. Suppose 7*h - 10*h = -a. Calculate the remainder when 66 is divided by h.
32
Suppose -2 = 348*i - 350*i. What is the remainder when 19 is divided by i?
0
Suppose 0 = -z + 5. Let y = -9133 + 9141. Calculate the remainder when y is divided by z.
3
Suppose 0 = -133*j - 15*j + 25843 + 5385. Let q(x) = 54*x**2 - x. Calculate the remainder when j is divided by q(1).
52
Let z(r) = -3*r + 8. Let f be z(4). Let s be (6/(-9))/(f/72). What is the remainder when 54 is divided by (s/(-24))/((-2)/56)?
12
Suppose -2*q - 3*a = a - 1430, 4*q + a = 2825. What is the remainder when q is divided by 352?
1
Calculate the remainder when (-4 + 66/18)*-252 is divided by 29.
26
Suppose -14*u - 379 = -827. Calculate the remainder when u is divided by 24.
8
Let h = 193 + -168. What is the remainder when 30 is divided by h?
5
Let f be -2 + -1 + 3 - 1572. What is the remainder when 4/7 + f/(-42) is divided by 20?
18
Suppose 2*q + 5*o + 2 = -7, -4*o - 12 = 0. Suppose r - 74 = -q*i, 2*r - 4*r = -i + 20. Calculate the remainder when i is divided by 14.
10
Let t = -149 - -108. Let m = -26 - t. Calculate the remainder when 55 is divided by m.
10
Suppose -3*d + 6*j + 327 = 11*j, 116 = d + 4*j. Calculate the remainder when d is divided by 15.
14
Let s(t) be the second derivative of -5*t**3/3 + 4*t**2 - 47*t. What is the remainder when s(-3) is divided by 14?
10
Let z(f) = 5*f + 170. What is the remainder when 1947 is divided by z(-24)?
47
Let v(l) = -l**2 + 9. Let b be 4/18 - (-26)/(-117). Calculate the remainder when 26 is divided by v(b).
8
Let b = -111 - -138. What is the remainder when (-5250)/(-40) + (-3)/(-4) is divided by b?
24
Let h(o) = 51*o**3 + 0*o**2 + 0*o**2 + o - 40*o**3 - 1. What is the remainder when 87 is divided by h(1)?
10
Let p(j) = -3*j - 5. Let q be p(-3). Suppose -q*g + 36 = -2*z, 0*g - 3*z = 3*g - 18. Let h = g - -8. Calculate the remainder when 78 is divided by h.
14
Let o = -248 + 366. Calculate the remainder when o is divided by 30.
28
Suppose 0 = -3*l - 0 - 3. Let v = l + 4. Suppose -p + 92 = v*n, -4*p - 1 = -n + 8. What is the remainder when n is divided by 8?
5
Let q = -299 - -394. What is the remainder when q is divided by 8?
7
Suppose -u - 2*q = 1 + 2, -3*u = -2*q + 17. Let k(m) = m**3 + 6*m**2 - m - 3. Calculate the remainder when k(u) is divided by 14.
13
Let i(n) be the first derivative of n**4/4 - 14*n**3/3 + 17*n**2/2 - 26*n + 15. Calculate the remainder when i(13) is divided by 16.
10
Let g(u) = u + 1. Let k be -1 + (-1 - -9) + -1. Let y(z) = 2*z**2 + 241*z - 858. Calculate the remainder when y(-124) is divided by g(k).
3
Suppose 4*o + 9 = 3*q, -3*o + 2*o + 24 = 3*q. Suppose -8*p + 9*p = 2*x - 24, -x = -5*p - 3. Calculate the remainder when x is divided by q.
6
Let m(w) = -w**3 - 10*w**2 + 13*w + 112. What is the remainder when m(-12) is divided by 114?
16
Suppose 3*f - 2 = 7. Suppose -f*m + 5*h = -4*m + 9, -5*m + 19 = -h. Suppose 6*o + 4*o - 90 = 0. What is the remainder when o is divided by m?
1
Let t be ((-5)/(-3))/(1/3). Suppose 7*a - 35 = -v + 3*a, t*v = -4*a + 127. Let u = v - -8. What is the remainder when u is divided by 17?
14
Suppose 0 = 696*i - 694*i - 80. What is the remainder when 358 is divided by i?
38
Let j(n) = -n**3 + 22*n**2 + 75*n + 8. What is the remainder when 75 is divided by j(25)?
3
Let y = 152 - 35. Calculate the remainder when y is divided by 60.
57
Suppose 4*w + 15 = -w - 3*x, -5*w + 3*x = -15. Suppose 4*i - 2*z - 892 = w, -4*i - 5*z + 432 = -446. Calculate the remainder when i is divided by 45.
42
Suppose -1080 = 796*p - 801*p. Calculate the remainder when p is divided by 38.
26
Suppose -3*t = 3*t - 1122. What is the remainder when t is divided by 38?
35
Suppose 138*f - 143*f + 510 = 0. Suppose -4*u = -4*r - 68, -2*u - 23 = -5*u - 4*r. Calculate the remainder when f is divided by u.
11
Let a = -200 - -115. Let h = -43 - a. What is the remainder when